 by 10.
7
Suppose a + 2*k = -3*k + 2, 4*k + 39 = 5*a. Suppose 12 = 2*s - 2*l, 3*s - 3*l = s + a. Let d = 15 - -6. Calculate the remainder when d is divided by s.
10
Let x = -49 + 63. Let z = 43 - x. Calculate the remainder when z is divided by (-3)/(-6) + 18/4.
4
Let z(k) = -k**2 - 19*k - 24. Suppose 2*o + 68 = -2*o. Calculate the remainder when 39 is divided by z(o).
9
Suppose -6*k = -71 - 1. Suppose 0 = -3*i - i + 88. What is the remainder when i is divided by k?
10
Let q(p) = -p**2 - 11*p + 24. Let v be q(-13). What is the remainder when v*((-127)/2 + -2) is divided by 11?
10
Let y = 41 + -36. Suppose 3*o - y*g = o + 67, -5*o + 3*g + 120 = 0. What is the remainder when 62 is divided by o?
20
What is the remainder when 256 is divided by (17 - 18)/(2/(-86))?
41
Let z = -247 + 265. What is the remainder when 28 is divided by z?
10
Suppose -5*c + 661 = 3*o, -203 - 201 = -2*o + 4*c. Let w = 297 - o. Calculate the remainder when w is divided by 43.
42
Calculate the remainder when (1742/(-26))/((-9)/18) is divided by (-47)/(-2) + 2/(-4).
19
Let u = 162 + -169. Let d(g) be the first derivative of -g**2 + 10*g - 1. What is the remainder when d(u) is divided by 9?
6
Let k(i) = -i**3 + 5*i**2 - i - 3. Calculate the remainder when 31 is divided by k(3).
7
Let x be -4 + 3 - (1 - 1). Let z(i) = -14*i**3 - 1. Calculate the remainder when ((-13)/(52/200))/(-2) is divided by z(x).
12
Suppose 0 = 153*g - 142*g - 7381. Calculate the remainder when g is divided by 96.
95
Let l(v) = 5*v + 1. Let s be l(7). Suppose k - s = -2*k. Calculate the remainder when (-1197)/(-35) + (-3)/15 is divided by k.
10
Suppose 1739 = -52*s + 5431. What is the remainder when 271 is divided by s?
58
Let k = -21 - -51. Let f(j) = -j**2 + 29*j - 130. Calculate the remainder when k is divided by f(6).
6
Let p be (-1)/(-3) - (-1)/(-3). Suppose p*l + l = 17. Let t = l + -10. Calculate the remainder when 11 is divided by t.
4
Calculate the remainder when (-2)/(-7) - ((-8390)/35 - -2) is divided by 5.
3
Suppose 11*a = 5*a + 180. Suppose 33*n = a*n + 36. Calculate the remainder when 57 is divided by n.
9
Let v be 58/18 + (-6)/27. Let m(y) = 10*y - 2. Calculate the remainder when m(v) is divided by 1/(6/20)*3.
8
Let f = -595 + 691. Calculate the remainder when f is divided by 25.
21
Suppose 4*g - 58 - 214 = -4*w, -15 = -3*w. What is the remainder when 187 is divided by g?
61
Suppose 2*q - 4 = 2*n, 1 = q - 2*n - 1. What is the remainder when (q/(-3)*2)/((-34)/1173) is divided by 24?
22
Suppose -2 = 2*z - 8. Suppose -4*g + z*o + 55 = g, g = -o + 19. What is the remainder when 24 is divided by g?
10
Suppose 108*m - 104*m = -4*a + 4, 3*m - 5*a = 27. Suppose 2*y + 92 = 6*y. Calculate the remainder when y is divided by m.
3
What is the remainder when 58 is divided by 441/42 + (-1)/2?
8
Suppose -52 = -3*k + 196*b - 192*b, -2*b = 5*k - 52. What is the remainder when 1724 is divided by k?
8
Let a = 2 - -54. Calculate the remainder when a is divided by 44.
12
Suppose 0 = 10*t - 11*t + 3. Suppose -r + t*r - 6 = 0. What is the remainder when 83 is divided by (-17)/r*(-5 - -2)?
15
Suppose 16*z - 1151 = -207. Calculate the remainder when z is divided by 8.
3
Suppose 275 = -c - 120. Let y = c + 553. What is the remainder when y is divided by 40?
38
Suppose 0 = 4*j + 4*m - 8, j + 4*m - 2*m = 2. Suppose -j*i + 179 = 5*x - 45, -x + i = -49. What is the remainder when x is divided by 16?
14
Let u(z) = -z**3 + 17*z**2 + 526. What is the remainder when u(0) is divided by 106?
102
Let l = 47 + 14. Calculate the remainder when l is divided by 14.
5
Calculate the remainder when 237 is divided by ((-15)/105)/(4/(-308)).
6
Let k be 1 + (-3 + 3 + 0 - -1). What is the remainder when 59 is divided by -4 - (k + 106)/(-6)?
3
What is the remainder when 40 is divided by ((-80)/(-6))/(80/192)?
8
Let b be 1/(3*(-4)/(-132)). Suppose -35 = 3*r - b. Let l(m) = m**3 + 7*m**2 - 11*m - 2. What is the remainder when 41 is divided by l(r)?
19
Suppose 150 = -15*t + 435. What is the remainder when 34 is divided by t?
15
What is the remainder when 396 is divided by 6 + 13 + -13 + 13?
16
Suppose 4*x - 4*a - 65 = 15, 0 = -x - 3*a + 16. What is the remainder when x is divided by 2?
1
Suppose k - 380 + 76 = 2*j, -5 = -5*j. Calculate the remainder when k is divided by 31.
27
Let x = 76 - 66. Suppose 40 + 40 = x*w. Calculate the remainder when 109 is divided by w.
5
Let n = -5 - -7. Suppose 5*i + 96 = n*i. Calculate the remainder when 38 is divided by 45/12*i/(-6).
18
Calculate the remainder when (5*5/25)/((-5)/(-495)) is divided by 30.
9
Let z = -307 - -313. What is the remainder when 8 is divided by z?
2
Let d = 25 + -66. Let g = -20 - d. Calculate the remainder when 83 is divided by g.
20
Suppose 0 = -m - 7 + 88. Suppose y - 166 = -138. Calculate the remainder when m is divided by y.
25
Suppose -j + 12 = 10. What is the remainder when 47 is divided by j/(3*5/90)?
11
Let o = -11 - -13. Let d be (-6)/4*(-12)/6. Suppose d*r - 14 = -h, -2*h - 4*r + 22 = -0*h. Calculate the remainder when h is divided by o.
1
Let r = 19 + -34. Let h = 2 + r. Let g = 21 + h. Calculate the remainder when 38 is divided by g.
6
Let r(o) = o**2 - 4*o + 14. Calculate the remainder when r(-6) is divided by 7.
4
Let d be 5/((-75)/3) + 52/10. Suppose -k = -2*t - 10 - 4, -d*k = 2*t - 82. Calculate the remainder when 46 is divided by k.
14
Suppose -3*j + 3*o + 171 = 0, 5*j - 6*o - 282 = -2*o. Let m = 2941 + -2913. What is the remainder when j is divided by m?
26
Let q(g) = -g**2 - 6*g + 4. Suppose 2*u = 3*u - 6. Suppose -i = -4*y - u - 29, 2*y = -3*i + 35. What is the remainder when i is divided by q(-5)?
6
Suppose 5*b - 2*b - 3*l - 657 = 0, -4*b + 851 = l. Calculate the remainder when b is divided by 20.
14
Let c = 8 + 0. Let t(w) = w + 9. What is the remainder when 65 is divided by t(c)?
14
Let u be 2/8 - (-2604)/16. Suppose -4*j + 177 = -u. Suppose 3*i = -5*r + 11, 3*r + j = 5*i - 2*r. What is the remainder when i is divided by 5?
2
Suppose k + 145 = 6*k. What is the remainder when k is divided by 24/(-40) - (-624)/40?
14
Suppose 0 = -3*w - 2 + 8. Let l(d) = 3*d**3 - 2*d**2 + 1. Calculate the remainder when (-2)/(-1) - 30*(2 - 3) is divided by l(w).
15
Let n(u) = u**2 - 9*u - 26. Calculate the remainder when 127 is divided by n(-3).
7
Suppose m + m + 4*a = 334, -5*m + 835 = -3*a. Calculate the remainder when m is divided by 52.
11
Let a(c) = 5*c**2 + 7*c + 14. Let p = 30 - 34. What is the remainder when a(p) is divided by 10?
6
Suppose -5*b + 320 = -30. Let u = b - 62. Let i = 68 - 30. What is the remainder when i is divided by u?
6
Let u(j) = -2*j - 3. Let v be u(-3). Suppose 28 = 5*o + v. Suppose o*h + 19 + 21 = 5*a, 0 = -4*a - 5*h + 14. Calculate the remainder when 16 is divided by a.
4
Suppose 2*i = 5*h - 12, -5*h = -6*i + 2*i - 4. Let y be (-1934)/(-8) + 1/h. Suppose -5*d - 22 = -y. Calculate the remainder when d is divided by 9.
8
Let h(w) = 3*w**2 - 7*w + 36. What is the remainder when h(6) is divided by 23?
10
Let m = -31 - -41. Calculate the remainder when (-13)/2*-1*m is divided by 22.
21
Suppose 4*i - 100 = r, -4*r + 3 + 72 = 3*i. Suppose 2*u - 31 = -3. What is the remainder when i is divided by u?
11
Let p(v) = -1 + v - 1 - 2 - 5. What is the remainder when 20 is divided by p(15)?
2
Suppose -76*q - 132 = -78*q. Calculate the remainder when 127 is divided by q.
61
Suppose 2 = -2*y + 6. Suppose 5*o - 111 = -3*k - k, -y*o + 46 = 2*k. What is the remainder when 54 is divided by o?
16
Let d = -35 + 50. Let s(m) = 6*m**2 - 5*m + 3. Suppose 2*r - 4 - 2 = 0. Calculate the remainder when s(r) is divided by d.
12
Suppose 2*n = 2*v + 280, -n = -3*v + v - 143. Calculate the remainder when n is divided by 4.
1
Let z = -116 + 762. What is the remainder when z is divided by 93?
88
Let q(g) = 3*g**2 - 42*g + 16. Let j(i) = 2*i**2 - 42*i + 15. Let u(f) = -5*j(f) + 4*q(f). Calculate the remainder when 97 is divided by u(-22).
31
Calculate the remainder when (-6)/39 + (-576)/(-26) is divided by 3/(-54)*-114 + 2/(-6).
4
Let j = -360 - -455. Calculate the remainder when j is divided by 32.
31
Let v = 752 - 665. Calculate the remainder when 342 is divided by v.
81
Let r(i) = -i**3 - i**2 + 11*i - 38. Calculate the remainder when r(-7) is divided by 36.
35
Let x(y) = -6*y**2